-180))?
4
Let a = 54 - 35. Suppose 23*r = a*r + 320. Suppose 5*c = 5*h + 180, -r - 26 = -3*c + 2*h. What is the units digit of c?
4
Let d(a) = -a**3 + 4*a**2 + 4*a + 7. Let x be d(5). Suppose 3*p + 28 - 268 = -x*m, 240 = 3*p - 4*m. What is the tens digit of p?
8
Suppose 4*g + 86 = 5*c, -4*g - 1 = c + 1. Let w = -6 + c. Let y(m) = 2*m**2 - 12*m + 3. What is the units digit of y(w)?
5
Suppose 9427 = 11*q - 10681. What is the thousands digit of q?
1
Let d(h) = h**2 - h - 2. Let w be d(2). Suppose 760 = -w*z + 4*z. Suppose 2*o + 2*o + z = 5*x, 0 = 5*x + 4*o - 230. What is the units digit of x?
2
Suppose 1986 = 2*u - 4*b + 2*b, 12 = -4*b. What is the tens digit of u?
9
Let j(b) = b**2 - 8*b + 5. Let t be j(6). Let r = 0 - t. Suppose -2 + r = 5*v. What is the units digit of v?
1
What is the hundreds digit of (9 - (0 + -3))/(15/1010)?
8
Let r be 5/(-10)*(192 - 0). Let s be (r/(-30))/(2/(-20)). What is the units digit of (-72)/s*(9 + -1)?
8
Suppose 4605 = 12*j + 1269. What is the hundreds digit of j?
2
Let x be 0*(-3)/(-9) + 1. Let q be (-2 - (3 - 8))/x. Suppose 13 = n + q. What is the tens digit of n?
1
Let q(x) = -x. Let b be q(-7). Suppose 4*v = b + 57. Suppose -5*t = -3*t - v. What is the units digit of t?
8
Suppose 5*n + 4*v = 310 + 150, 5*n + 3*v = 460. Suppose 0 = 3*f + f + n. Let u = f + 41. What is the units digit of u?
8
Let x(c) = 22*c**3 - c. Let b be x(1). Suppose 4*r - 15*r + 649 = 0. Suppose -b - r = -5*f - 5*m, 0 = -f + 5*m - 8. What is the tens digit of f?
1
Let m be -4 - (-11 + 2) - (-3 - -3). Let c(s) = s**3 - 6*s**2 + 13*s - 6. What is the units digit of c(m)?
4
Let w(y) = -202*y**2 + 4*y + 1. Let p be w(1). Let b = p - -485. What is the tens digit of b?
8
Let t(k) = -74*k + 106. What is the units digit of t(-7)?
4
Suppose 0 = r + 1 - 33. Let z = -27 + r. Suppose -d = 3*h - 47, 0*d - z*d = 4*h - 191. What is the units digit of d?
5
What is the tens digit of (-1)/4 + ((-93996)/(-48))/21?
9
Let c(l) = l**3 - 2*l - 3. Suppose -31 = -11*q + 13. What is the tens digit of c(q)?
5
Suppose 2*z + 4*a - 25 - 9 = 0, 5*a = -2*z + 36. Suppose 8*b = z*b + 260. Let g = b + 101. What is the units digit of g?
9
Let g = -1063 + 742. Let m = -226 - g. What is the tens digit of m?
9
Let m(y) = -3*y - 3. Let d(o) = 2*o + 4. Let h be d(-7). Let u be m(h). Suppose 0 = 3*g - u - 18. What is the tens digit of g?
1
Suppose -q - 5*p = 5, 3*q - 2 - 3 = 5*p. What is the units digit of 86/(-4)*(q + 0 - 2)?
3
Suppose -3*h = -h - 712. What is the tens digit of h?
5
Suppose 4*g = -g + 30. Let c be -92*(0 + g/(-8)). Suppose -4*t - 4*l = -217 - 59, -t = 3*l - c. What is the tens digit of t?
6
Suppose 0*o - 3*o = 4*c - 2188, 4*o + c = 2939. What is the tens digit of o?
3
Suppose 0 = -5*w + 132 + 138. Let j = 143 + w. What is the units digit of j?
7
Let n = -26 - -4. Let m = 30 + n. What is the units digit of m/4*2 - 0?
4
Let k(j) = 557*j + 451. What is the tens digit of k(4)?
7
Let a = -22 - -11. Let y = a + 11. Suppose y*x + 22 = 2*x. What is the tens digit of x?
1
Suppose 0 = b - 5*b - 16. Let v(w) = -w**2 - 3*w - 5. Let a(f) = -1. Let j(i) = 5*a(i) - v(i). What is the units digit of j(b)?
4
Suppose z + 2*m - 686 = 0, -5*z - 2*m + 2478 = -936. What is the tens digit of z?
8
Let y be (1 + 2/(-4))/((-20)/(-160)). Suppose 0 = 4*r - 4*q - 288, y*r = 3*q + 2*q + 290. What is the units digit of r?
0
Let h(p) = -3*p - 13. Let r be h(-5). Suppose -r*o = -6*o - 488. What is the tens digit of o/(-3)*(-12)/(-8)?
6
Let u(x) be the third derivative of 115*x**4/24 - 13*x**3/6 - x**2. Let w be u(-11). What is the units digit of w/(-90) - 1/5?
4
Suppose -d + 6718 = 3*c, 0*c + c - d = 2238. What is the hundreds digit of c?
2
Suppose 0 = -6*f - 282 + 2814. What is the tens digit of f?
2
What is the tens digit of 1 - -5 - (-3 - (2413 - 0))?
2
Let h(g) = 5*g**2 + 41*g + 98. Let t(a) = 6*a**2 + 42*a + 97. Let r(s) = -5*h(s) + 4*t(s). What is the tens digit of r(-31)?
8
Suppose -20 = -5*g - 0*g, 5*t - 209 = 4*g. What is the tens digit of t?
4
Suppose 15486 + 13482 = 68*p. What is the tens digit of p?
2
Suppose 44*k - 9 = 47*k, -6645 = -4*n - k. What is the thousands digit of n?
1
Suppose -2*h + 120 = 3*s - 809, 0 = 4*h - s - 1851. What is the hundreds digit of h?
4
Let m(l) = 2*l**2 - 3*l - 23. What is the tens digit of m(-6)?
6
Let m = -6947 - -11855. What is the hundreds digit of m?
9
Let g = 835 - -111. What is the hundreds digit of g?
9
Let l(h) = -2*h - 10. Let c = 3 - 1. Suppose -5*w = -0*r + c*r + 2, -w = -5*r - 32. What is the units digit of l(r)?
2
Let g = 2284 - 1302. What is the units digit of g?
2
Let s = -12 - -16. Suppose 0*i + 4*u - 28 = -4*i, u = s*i - 3. Suppose i*o - 4 = 60. What is the units digit of o?
2
Let c = 3294 + -2164. What is the units digit of c?
0
Let y(z) be the third derivative of -z**6/120 + 7*z**5/30 - z**4/2 - 2*z**3 + z**2. Let l = 166 - 153. What is the units digit of y(l)?
1
Let i = -6762 - -10230. What is the units digit of i?
8
Let z be (-176)/(-40) - (-2)/(-5). Suppose -67*y - 488 = -71*y. Suppose -z*g + 38 = -y. What is the units digit of g?
0
Suppose -3*n + 2*z = -6761 - 1971, 0 = -4*n + 2*z + 11644. What is the units digit of n?
2
Let g(w) = 31*w**2 - 2*w + 36. What is the hundreds digit of g(5)?
8
Suppose 0 = -2*o + 7*o - 3*n + 3823, 2*o - 2*n + 1526 = 0. Let z = -542 - o. What is the units digit of z?
5
Let n(z) = -z**2 - 11*z - 23. Let h be n(-4). What is the hundreds digit of h - (-3)/((-3)/(-145))?
1
Suppose -r = -5*w + 3*r - 33, 4*w = -2*r - 16. Let t(m) = -m**3 - 6*m**2 - 5*m + 5. Let p be t(w). Let j = p + 3. What is the units digit of j?
8
Suppose -900*u + 911*u - 31889 = 0. What is the thousands digit of u?
2
Let b(a) = 5*a + 343. What is the hundreds digit of b(18)?
4
Let s(p) = -282*p**3 + 17*p**2 + 31*p - 2. What is the tens digit of s(-2)?
6
Suppose 35*s + 12*s - 56635 = 0. What is the units digit of s?
5
Let i(t) = -5*t**3 - t**2 - 2. Suppose -5*m = 2*m + 14. What is the tens digit of i(m)?
3
Let b(o) = -o**2 + 6*o + 3. Let j be b(6). Suppose -j*q + 18 = -195. What is the tens digit of q?
7
Let y = 2437 - 1325. What is the thousands digit of y?
1
What is the hundreds digit of (3 - (-6 - -7))*(-1 + 364)?
7
Suppose 5*u - 4*s - 1706 = -8*s, 3*u = 4*s + 1030. Let f = u - 205. What is the units digit of f?
7
Suppose 6*x + r = x - 414, 3*x - 4*r = -230. Let t = x + 39. Let c = -22 - t. What is the tens digit of c?
2
Let t(o) be the first derivative of -o**3/3 - 11*o**2/2 - 13*o - 21. Suppose 2*c + 2 = 0, -2*c + 3 = -p - 4. What is the units digit of t(p)?
5
Let r(f) = f**3 - 10*f**2 + 10*f - 5. Let w be r(9). Suppose -g = -0*z - w*z, -2*g = -z. Suppose -9*o + 3*o + 198 = g. What is the units digit of o?
3
Suppose 4*m - q + 15 = 284, 5*q + 257 = 4*m. What is the tens digit of m?
6
Let z(o) = 3*o**2 - o - 1. Let a = -42 + 67. Suppose -6*d + 3*d = p + 8, 5*d + 4*p + a = 0. What is the units digit of z(d)?
3
Let o(p) = 3*p - 17. Let g be o(7). Suppose -g*a = -358 + 18. What is the units digit of a?
5
Let v = -26 + 21. What is the units digit of 79 - 4 - v - 3?
7
Let c = 300 + -149. Let s = c - 81. What is the units digit of s?
0
Let l(q) = -5*q + 14. Let m be l(7). What is the units digit of ((-1)/2)/((m/(-366))/(-7))?
1
Suppose -60 = 14*k + 6*k. What is the tens digit of (-299)/k - (-3)/9?
0
Let h(q) = 975*q - 210. What is the units digit of h(6)?
0
Let h = -14 - -16. Let y(n) = -n**h + n**3 - 1 + 0*n**2 - 4*n + n. What is the units digit of y(3)?
8
Let s be -6*-5*(-8)/60. Let m(k) = -k**2 - 10*k - 9. What is the units digit of m(s)?
5
Let k = 523 + -49. What is the tens digit of k?
7
What is the units digit of 0 - (-7108)/14 - 34/(-119)?
8
Let n = 110 - 106. Suppose -9*q + 855 = -n*q. What is the hundreds digit of q?
1
Let m = -54 + 97. Suppose -53 = -6*h + m. What is the tens digit of (h/(-2))/((-1)/4)?
3
Let n(x) = -4*x + 4*x - 10 - 4*x. Let c be (-245)/14 + 11 - (-2)/(-4). What is the tens digit of n(c)?
1
Let h(k) be the second derivative of -k**5/20 - k**4/12 - k**3/6 - k**2/2 + 2*k. What is the units digit of h(-4)?
1
Let w = 1896 + -603. What is the hundreds digit of w?
2
Let n be 3 + -4 - (3 - 4). Suppose 5*y = -n*y - 30. What is the units digit of (0 - y/(-3)) + 31?
9
Let a be 1068/4 - -3 - 2. Suppose -a = 3*r - 76. Let n 